{"id":865,"date":"2023-04-24T14:26:16","date_gmt":"2023-04-24T14:26:16","guid":{"rendered":"https:\/\/drdnvpaul.de\/?page_id=865"},"modified":"2023-07-30T16:12:51","modified_gmt":"2023-07-30T16:12:51","slug":"aptos-fadenlifting","status":"publish","type":"page","link":"https:\/\/drdnvpaul.de\/?page_id=865","title":{"rendered":"APTOS &#8211; FADENLIFTING"},"content":{"rendered":"<div class=\"wp-block-image\">\n<figure class=\"aligncenter size-full is-resized\"><img loading=\"lazy\" decoding=\"async\" src=\"http:\/\/drdnvpaul.de\/wp-content\/uploads\/2023\/04\/Vector-Smart-Object-3.png\" alt=\"\" class=\"wp-image-939\" width=\"246\" height=\"78\" srcset=\"https:\/\/drdnvpaul.de\/wp-content\/uploads\/2023\/04\/Vector-Smart-Object-3.png 982w, https:\/\/drdnvpaul.de\/wp-content\/uploads\/2023\/04\/Vector-Smart-Object-3-300x95.png 300w, https:\/\/drdnvpaul.de\/wp-content\/uploads\/2023\/04\/Vector-Smart-Object-3-768x242.png 768w\" sizes=\"auto, (max-width: 246px) 100vw, 246px\" \/><\/figure><\/div>\n\n\n<h1 class=\"wp-block-heading\">Face-Lift ohne Skalpell<\/h1>\n\n\n\n<h2 class=\"wp-block-heading\">APTOS-Fadenlifting mit abbaubaren F\u00e4den<\/h2>\n\n\n\n<p>Dem stetig alternden Gesicht kann bis zu einem gewissen Ma\u00df mittels&nbsp;Fillern ein jugendlich wirkendes Erscheinungsbild verliehen werden. Unterspritzungen mit Fillern f\u00fchren jedoch mit der Zeit nur noch bedingt zur gew\u00fcnschten Verbesserung im Gesicht. Wird die Haut d\u00fcnner und schlaffer ist ein Face-Lift die einzige M\u00f6glichkei, tiefere Falten oder abgesackte Gesichtspartien zu verbessern. Ein operatives Face-Lift kann z. B. den Gesichtsausdruck ver\u00e4ndern, l\u00e4sst das Gesicht in gewisser Weise maskenhaft erscheinen und kann auch nur in Vollnarkose durchgef\u00fchrt werden. Eine gute Alternative dazu ist das&nbsp;APTOS-Fadenlilfting, das zu einer deutlich sichtbaren Verbesserung ganz ohne Skalpell f\u00fchrt. Lassen Sie sich von uns beraten!<\/p>\n\n\n\n<figure class=\"wp-block-image size-large\"><img loading=\"lazy\" decoding=\"async\" width=\"1024\" height=\"273\" src=\"http:\/\/drdnvpaul.de\/wp-content\/uploads\/2023\/04\/SLIDER_Aptos-1024x273.jpg\" alt=\"\" class=\"wp-image-868\" srcset=\"https:\/\/drdnvpaul.de\/wp-content\/uploads\/2023\/04\/SLIDER_Aptos-1024x273.jpg 1024w, https:\/\/drdnvpaul.de\/wp-content\/uploads\/2023\/04\/SLIDER_Aptos-300x80.jpg 300w, https:\/\/drdnvpaul.de\/wp-content\/uploads\/2023\/04\/SLIDER_Aptos-768x205.jpg 768w, https:\/\/drdnvpaul.de\/wp-content\/uploads\/2023\/04\/SLIDER_Aptos.jpg 1500w\" sizes=\"auto, (max-width: 1024px) 100vw, 1024px\" \/><\/figure>\n\n\n\n<h3 class=\"wp-block-heading\">Vorteile des APTOS-Fadenliftings:<\/h3>\n\n\n\n<ul class=\"wp-block-list\">\n<li><strong>zweifache Wirkung: Lifting und Hautverj\u00fcngung<\/strong><\/li>\n\n\n\n<li><strong>Minimalinvasiver Eingriff, lokale Bet\u00e4ubung<\/strong><\/li>\n\n\n\n<li><strong>Behandlungsdauer etwa 30 &#8211; 60 Minuten<\/strong><\/li>\n\n\n\n<li><strong>Sofort sichtbares Ergebnis &#8211; Endresultat nach 3 Monaten<\/strong><\/li>\n\n\n\n<li><strong>Keine Vollnarkose<\/strong><\/li>\n\n\n\n<li><strong>Schnelle Heilung<\/strong><\/li>\n\n\n\n<li><strong>Geringes Entz\u00fcndungsrisiko<\/strong><\/li>\n\n\n\n<li><strong>Minimale Ausfallzeit<\/strong><\/li>\n\n\n\n<li><strong>Zusatzeffekt durch Bildung neuen Bindegewebes<\/strong><\/li>\n\n\n\n<li><strong>Stimulierung der Kollagenneubildung<\/strong><\/li>\n\n\n\n<li><strong>F\u00f6rderung der Mikrozirkulation <\/strong><\/li>\n\n\n\n<li><strong>Langanhaltendes Ergebnis (1-5 Jahre, je nach Zusammensetzung der F\u00e4den)<\/strong><\/li>\n<\/ul>\n\n\n\n<h3 class=\"wp-block-heading\">Die Aptos Excellence-Methode<\/h3>\n\n\n\n<p>Bei dieser modernen Methode des Fadenliftings sind die speziellen Aptos F\u00e4den mit Hyalrons\u00e4ure elementar f\u00fcr eine effektive Behandlung. Die mit kleinen multiplen Widerhaken versehenen P(LA\/CL)-F\u00e4den mit Hyalurons\u00e4ure sorgen f\u00fcr einen Straffungs- und Revitalisierungseffekt. Sie werden innerhalb von 18 bis 24 Monaten vollst\u00e4ndig vom K\u00f6rper abgebaut. Das Fadenmaterial regt dar\u00fcber hinaus die nat\u00fcrliche Elastin-, Kollagen- und Hyalurons\u00e4ureproduktion im Gewebe an \u2012 f\u00fcr einen sichtbaren Verj\u00fcngungseffekt der Haut. Die Hydration der Haut h\u00e4lt l\u00e4nger an.<\/p>\n\n\n\n<h3 class=\"wp-block-heading\">Welche Bereiche k\u00f6nnen mit Aptos Fadenlifting behandelt werden?<\/h3>\n\n\n\n<figure class=\"wp-block-image size-large is-style-default\"><img loading=\"lazy\" decoding=\"async\" width=\"1024\" height=\"949\" src=\"https:\/\/drdnvpaul.de\/wp-content\/uploads\/2023\/04\/Frau_Illu_klein-1024x949.png\" alt=\"\" class=\"wp-image-955\" srcset=\"https:\/\/drdnvpaul.de\/wp-content\/uploads\/2023\/04\/Frau_Illu_klein-1024x949.png 1024w, https:\/\/drdnvpaul.de\/wp-content\/uploads\/2023\/04\/Frau_Illu_klein-300x278.png 300w, https:\/\/drdnvpaul.de\/wp-content\/uploads\/2023\/04\/Frau_Illu_klein-768x712.png 768w, https:\/\/drdnvpaul.de\/wp-content\/uploads\/2023\/04\/Frau_Illu_klein-1536x1424.png 1536w, https:\/\/drdnvpaul.de\/wp-content\/uploads\/2023\/04\/Frau_Illu_klein-2048x1899.png 2048w\" sizes=\"auto, (max-width: 1024px) 100vw, 1024px\" \/><\/figure>\n\n\n\n<h3 class=\"wp-block-heading\">F\u00fcr wen ist das Aptos Fadenlifting geeignet?<\/h3>\n\n\n\n<p>Visage Excellence &#8211; ist ein universeller, resorbierbarer chirurgischer Faden mit speziell konzipierten Miniatur-Wiederhaken. Die Methode ist besonders geeignet f\u00fcr Patienten mit ersten Erschlaffungserscheinungen im Gesicht. In der Regel sind das Frauen und M\u00e4nnern im Alter zwischen 35 bis 55 Jahren. Behandelt werden k\u00f6nnen alle im Gesicht auftretenden Alterserscheinungen, die eine leichte Straffung und Hautverj\u00fcngung zur Wiederherstellung der nat\u00fcrlichen Gesichtskontur darstellen. Die Anwendungsbereiche sind z. B. Stirn-, Marionetten- und Lachf\u00e4ltchen, eine abgesackte Hals- und Kinnpartie, erschlaffte Wangen, h\u00e4ngende Augenbrauen oder ein Volumenverlust am Unterlid sowie allgemein m\u00fcde wirkende Gesichtsz\u00fcge. Dar\u00fcber hinaus erzielt die Methode sehr gute Resultate bei der Konturierung der Nase. Weiterhin spenden die F\u00e4den mit Hyalurons\u00e4ure dehydrierte Haut von innen mit neuer Feuchtigkeit.<\/p>\n\n\n\n<h3 class=\"wp-block-heading\">Vor der Behandlung:<\/h3>\n\n\n\n<p>Vor der Behandlung ist keine Vorbereitung erforderlich.<\/p>\n\n\n\n<p>Wir empfehlen jedoch, dass Sie Ihre Erwartungen und alle Fragen mit dem behandelnden Arzt besprechen, bevor Sie mit der Behandlung beginnen.<\/p>\n\n\n\n<p>Informieren Sie den Arzt \u00fcber alle bisherigen Eingriffe\/Behandlungen und \u00fcber alle Medikamente,die Sie aktuell einnehmen.<\/p>\n\n\n\n<p>Vermeiden Sie die Einnahme von blutverd\u00fcnnenden Medikamenten und Vitamin E eine Woche vor und nach der Behandlung.<\/p>\n\n\n\n<p>Die Implantation der Aptos-F\u00e4den muss von einem speziell geschulten Arzt durchgef\u00fchrt werden.<\/p>\n\n\n\n<p>Das Verfahren ist nicht schmerzhaft. Die Behandlung wird unter \u00f6rtlicher Bet\u00e4ubung durchgef\u00fchrt und hinterl\u00e4sst nur minimale Narben.<\/p>\n\n\n\n<p><\/p>\n\n\n\n<h3 class=\"wp-block-heading\">Die Behandlung des Fadenliftings:<\/h3>\n\n\n\n<p>Die Behandlung dauert etwa 30 &#8211; 60 Minuten unter lokaler An\u00e4sthesie.<\/p>\n\n\n\n<p>Die meisten Patienten k\u00f6nnen noch am gleichen Tag wieder ihrer Arbeit\/ihren Besch\u00e4ftigungen nachgehen. Werden mehrere F\u00e4den in einer Behandlung implantiert, sind st\u00e4rkere Beschwerden m\u00f6glich.<\/p>\n\n\n\n<p>Die Behandlung wird an Ihre W\u00fcnschen angepasst und kann mit anderen \u00e4sthetischen Verfahren kombiniert werden.<\/p>\n\n\n\n<h3 class=\"wp-block-heading\">Was passiert direkt nach der Behandlung?<\/h3>\n\n\n\n<p>Wie bei allen Verfahren dieser Art besteht die M\u00f6glichkeit von Nebenwirkungen.<\/p>\n\n\n\n<p><em>Die Nebenwirkungen sind vor\u00fcbergehend und k\u00f6nnen folgendes beinhalten:<\/em><\/p>\n\n\n\n<ul class=\"wp-block-list\">\n<li>Schmerzen mit Schwellung<\/li>\n\n\n\n<li>vor\u00fcbergehende Asymmetrie<\/li>\n\n\n\n<li>vor\u00fcbergehende Wellen &#8211; oder Gr\u00fcbchenbildung<\/li>\n\n\n\n<li>vor\u00fcbergehende Bluterg\u00fcsse<\/li>\n<\/ul>\n\n\n\n<h3 class=\"wp-block-heading\">Was sollte nach dem Fadenlifting beachtet werden: <\/h3>\n\n\n\n<p><\/p>\n\n\n\n<ul class=\"wp-block-list\">\n<li>Legen Sie unmittelbar nach der Behandlung K\u00fchlpacks auf die behandelten Stellen auf<\/li>\n\n\n\n<li>Bei Schmerzen nehmen Sie bitte f\u00fcr ca. 2-3 Tage schmerzstillende Arzneimittel<\/li>\n\n\n\n<li>Kein Make-up f\u00fcr mind. 24 Stunden<\/li>\n\n\n\n<li>Schlafen Sie f\u00fcr 3 &#8211; 5 N\u00e4chte auf dem R\u00fccken, mit erh\u00f6htem Kopf<\/li>\n\n\n\n<li>Waschen Sie Ihr Gesicht an den 5 &#8211; 7 folgenden Tagen vorsichtig und ohne jeglichen direkten Druck <\/li>\n\n\n\n<li>Vermeiden Sie \u00fcberm\u00e4\u00dfige Bewegungen von Gesicht und Hals f\u00fcr 2 Wochen<\/li>\n\n\n\n<li>Vermeiden Sie Gesichts-und Nackenmassagen f\u00fcr 1 Monat<\/li>\n\n\n\n<li>Keine direkte Sonneneinstrahlung f\u00fcr 2 Wochen<\/li>\n\n\n\n<li>Treiben Sie 2 Wochen keinen Sport<\/li>\n\n\n\n<li>Kein Sauna f\u00fcr ca. 3. Wochen<\/li>\n\n\n\n<li>Keine zahnmedizinische Eingriffe f\u00fcr ca. 3 Wochen<\/li>\n<\/ul>\n\n\n\n<h3 class=\"wp-block-heading\">Nachbehandlung mit Medikamenten:<\/h3>\n\n\n\n<p>Bei Schwellungen tragen Sie bitte f\u00fcr 1 Woche mehrmals t\u00e4glich Traumeel Gel auf. <br>Benutzen Sie im Eingriffsbereich antiseptische L\u00f6sungen.<br>Bei Schmerzen nehmen Sie schmerzstillende Medikamente (Diclofenac, Ibuprofen).<br>Zur Vermeidung von Infektionen empfiehlt Ihnen Ihr Arzt eventuell die Einnahme eines Antibiotikums \u00fcber 5 Tage.<\/p>\n\n\n\n<p><\/p>\n\n\n\n<figure class=\"wp-block-embed is-type-video is-provider-youtube wp-block-embed-youtube\"><div class=\"wp-block-embed__wrapper\">\n<iframe loading=\"lazy\" hcb-fetch-image-from=\"https:\/\/www.youtube.com\/watch?v=i5OBSnh-qkU&amp;t=268s\" title=\"What is Aptos\" width=\"710\" height=\"399\" src=\"https:\/\/www.youtube.com\/embed\/i5OBSnh-qkU?start=268&#038;feature=oembed\" frameborder=\"0\" allow=\"accelerometer; autoplay; clipboard-write; encrypted-media; gyroscope; picture-in-picture; web-share\" allowfullscreen><\/iframe>\n<\/div><\/figure>\n\n\n\n<h4 class=\"wp-block-heading\">Vereinbaren Sie ein unverbindliches Beratungsgepr\u00e4ch mit Dr. Paul. 0151-40518181 oder <a href=\"mailto:dr.dnvpaul@stayvisible.de\" target=\"_blank\" rel=\"noreferrer noopener\">dr.dnvpaul@stayvisible.de<\/a>. Wir beraten Sie gerne!<\/h4>\n\n\n<div class=\"salonized-booking\" data-company=\"K36fxFX4GZXnCZPz1ReqrFEd\" data-color=\"#FF6575\" data-language=\"de\" data-height=\"700\" data-position=\"right\"><\/div>\n<p><script src=\"https:\/\/static-widget.salonized.com\/loader.js\"><\/script><\/p>","protected":false},"excerpt":{"rendered":"<p>Face-Lift ohne Skalpell APTOS-Fadenlifting mit abbaubaren F\u00e4den Dem stetig alternden Gesicht kann bis zu einem gewissen Ma\u00df mittels&nbsp;Fillern ein jugendlich wirkendes Erscheinungsbild verliehen werden. Unterspritzungen mit Fillern f\u00fchren jedoch mit der Zeit nur noch bedingt zur gew\u00fcnschten Verbesserung im Gesicht.<\/p>\n","protected":false},"author":1,"featured_media":868,"parent":0,"menu_order":0,"comment_status":"closed","ping_status":"closed","template":"","meta":{"footnotes":""},"class_list":["post-865","page","type-page","status-publish","has-post-thumbnail","hentry"],"yoast_head":"<!-- This site is optimized with the Yoast SEO plugin v24.5 - https:\/\/yoast.com\/wordpress\/plugins\/seo\/ -->\n<title>APTOS - FADENLIFTING - StayVisible!<\/title>\n<meta name=\"robots\" content=\"index, follow, max-snippet:-1, max-image-preview:large, max-video-preview:-1\" \/>\n<link rel=\"canonical\" href=\"https:\/\/drdnvpaul.de\/?page_id=865\" \/>\n<meta property=\"og:locale\" content=\"de_DE\" \/>\n<meta property=\"og:type\" content=\"article\" \/>\n<meta property=\"og:title\" content=\"APTOS - FADENLIFTING - StayVisible!\" \/>\n<meta property=\"og:description\" content=\"Face-Lift ohne Skalpell APTOS-Fadenlifting mit abbaubaren F\u00e4den Dem stetig alternden Gesicht kann bis zu einem gewissen Ma\u00df mittels&nbsp;Fillern ein jugendlich wirkendes Erscheinungsbild verliehen werden. Unterspritzungen mit Fillern f\u00fchren jedoch mit der Zeit nur noch bedingt zur gew\u00fcnschten Verbesserung im Gesicht.\" \/>\n<meta property=\"og:url\" content=\"https:\/\/drdnvpaul.de\/?page_id=865\" \/>\n<meta property=\"og:site_name\" content=\"StayVisible!\" \/>\n<meta property=\"article:publisher\" content=\"https:\/\/www.facebook.com\/search\/top?q=dr.%20dietmar%20nikolai%20vincent%20paul\" \/>\n<meta property=\"article:modified_time\" content=\"2023-07-30T16:12:51+00:00\" \/>\n<meta property=\"og:image\" content=\"http:\/\/drdnvpaul.de\/wp-content\/uploads\/2023\/04\/SLIDER_Aptos.jpg\" \/>\n\t<meta property=\"og:image:width\" content=\"1500\" \/>\n\t<meta property=\"og:image:height\" content=\"400\" \/>\n\t<meta property=\"og:image:type\" content=\"image\/jpeg\" \/>\n<meta name=\"twitter:card\" content=\"summary_large_image\" \/>\n<meta name=\"twitter:label1\" content=\"Gesch\u00e4tzte Lesezeit\" \/>\n\t<meta name=\"twitter:data1\" content=\"5\u00a0Minuten\" \/>\n<script type=\"application\/ld+json\" class=\"yoast-schema-graph\">{\"@context\":\"https:\/\/schema.org\",\"@graph\":[{\"@type\":\"WebPage\",\"@id\":\"https:\/\/drdnvpaul.de\/?page_id=865\",\"url\":\"https:\/\/drdnvpaul.de\/?page_id=865\",\"name\":\"APTOS - FADENLIFTING - StayVisible!\",\"isPartOf\":{\"@id\":\"https:\/\/drdnvpaul.de\/#website\"},\"primaryImageOfPage\":{\"@id\":\"https:\/\/drdnvpaul.de\/?page_id=865#primaryimage\"},\"image\":{\"@id\":\"https:\/\/drdnvpaul.de\/?page_id=865#primaryimage\"},\"thumbnailUrl\":\"https:\/\/drdnvpaul.de\/wp-content\/uploads\/2023\/04\/SLIDER_Aptos.jpg\",\"datePublished\":\"2023-04-24T14:26:16+00:00\",\"dateModified\":\"2023-07-30T16:12:51+00:00\",\"breadcrumb\":{\"@id\":\"https:\/\/drdnvpaul.de\/?page_id=865#breadcrumb\"},\"inLanguage\":\"de\",\"potentialAction\":[{\"@type\":\"ReadAction\",\"target\":[\"https:\/\/drdnvpaul.de\/?page_id=865\"]}]},{\"@type\":\"ImageObject\",\"inLanguage\":\"de\",\"@id\":\"https:\/\/drdnvpaul.de\/?page_id=865#primaryimage\",\"url\":\"https:\/\/drdnvpaul.de\/wp-content\/uploads\/2023\/04\/SLIDER_Aptos.jpg\",\"contentUrl\":\"https:\/\/drdnvpaul.de\/wp-content\/uploads\/2023\/04\/SLIDER_Aptos.jpg\",\"width\":1500,\"height\":400},{\"@type\":\"BreadcrumbList\",\"@id\":\"https:\/\/drdnvpaul.de\/?page_id=865#breadcrumb\",\"itemListElement\":[{\"@type\":\"ListItem\",\"position\":1,\"name\":\"Startseite\",\"item\":\"https:\/\/drdnvpaul.de\/\"},{\"@type\":\"ListItem\",\"position\":2,\"name\":\"APTOS &#8211; FADENLIFTING\"}]},{\"@type\":\"WebSite\",\"@id\":\"https:\/\/drdnvpaul.de\/#website\",\"url\":\"https:\/\/drdnvpaul.de\/\",\"name\":\"StayVisible!\",\"description\":\"Anti Aging \u2013 Faltenbehandlung \u2013 Gesichts\u00e4sthetik\",\"publisher\":{\"@id\":\"https:\/\/drdnvpaul.de\/#organization\"},\"potentialAction\":[{\"@type\":\"SearchAction\",\"target\":{\"@type\":\"EntryPoint\",\"urlTemplate\":\"https:\/\/drdnvpaul.de\/?s={search_term_string}\"},\"query-input\":{\"@type\":\"PropertyValueSpecification\",\"valueRequired\":true,\"valueName\":\"search_term_string\"}}],\"inLanguage\":\"de\"},{\"@type\":\"Organization\",\"@id\":\"https:\/\/drdnvpaul.de\/#organization\",\"name\":\"STAY VISIBLE! Privatpraxis f\u00fcr \u00c4sthetische und Anti-Aging Medizin Dr. med. DNV Paul\",\"url\":\"https:\/\/drdnvpaul.de\/\",\"logo\":{\"@type\":\"ImageObject\",\"inLanguage\":\"de\",\"@id\":\"https:\/\/drdnvpaul.de\/#\/schema\/logo\/image\/\",\"url\":\"https:\/\/drdnvpaul.de\/wp-content\/uploads\/2020\/11\/Logo_Ausgangsdatei_StayVisible.png\",\"contentUrl\":\"https:\/\/drdnvpaul.de\/wp-content\/uploads\/2020\/11\/Logo_Ausgangsdatei_StayVisible.png\",\"width\":317,\"height\":317,\"caption\":\"STAY VISIBLE! Privatpraxis f\u00fcr \u00c4sthetische und Anti-Aging Medizin Dr. med. DNV Paul\"},\"image\":{\"@id\":\"https:\/\/drdnvpaul.de\/#\/schema\/logo\/image\/\"},\"sameAs\":[\"https:\/\/www.facebook.com\/search\/top?q=dr. dietmar nikolai vincent paul\",\"https:\/\/www.instagram.com\/stayvisible_dr.paul\/\"]}]}<\/script>\n<!-- \/ Yoast SEO plugin. -->","yoast_head_json":{"title":"APTOS - FADENLIFTING - StayVisible!","robots":{"index":"index","follow":"follow","max-snippet":"max-snippet:-1","max-image-preview":"max-image-preview:large","max-video-preview":"max-video-preview:-1"},"canonical":"https:\/\/drdnvpaul.de\/?page_id=865","og_locale":"de_DE","og_type":"article","og_title":"APTOS - FADENLIFTING - StayVisible!","og_description":"Face-Lift ohne Skalpell APTOS-Fadenlifting mit abbaubaren F\u00e4den Dem stetig alternden Gesicht kann bis zu einem gewissen Ma\u00df mittels&nbsp;Fillern ein jugendlich wirkendes Erscheinungsbild verliehen werden. Unterspritzungen mit Fillern f\u00fchren jedoch mit der Zeit nur noch bedingt zur gew\u00fcnschten Verbesserung im Gesicht.","og_url":"https:\/\/drdnvpaul.de\/?page_id=865","og_site_name":"StayVisible!","article_publisher":"https:\/\/www.facebook.com\/search\/top?q=dr.%20dietmar%20nikolai%20vincent%20paul","article_modified_time":"2023-07-30T16:12:51+00:00","og_image":[{"width":1500,"height":400,"url":"http:\/\/drdnvpaul.de\/wp-content\/uploads\/2023\/04\/SLIDER_Aptos.jpg","type":"image\/jpeg"}],"twitter_card":"summary_large_image","twitter_misc":{"Gesch\u00e4tzte Lesezeit":"5\u00a0Minuten"},"schema":{"@context":"https:\/\/schema.org","@graph":[{"@type":"WebPage","@id":"https:\/\/drdnvpaul.de\/?page_id=865","url":"https:\/\/drdnvpaul.de\/?page_id=865","name":"APTOS - FADENLIFTING - StayVisible!","isPartOf":{"@id":"https:\/\/drdnvpaul.de\/#website"},"primaryImageOfPage":{"@id":"https:\/\/drdnvpaul.de\/?page_id=865#primaryimage"},"image":{"@id":"https:\/\/drdnvpaul.de\/?page_id=865#primaryimage"},"thumbnailUrl":"https:\/\/drdnvpaul.de\/wp-content\/uploads\/2023\/04\/SLIDER_Aptos.jpg","datePublished":"2023-04-24T14:26:16+00:00","dateModified":"2023-07-30T16:12:51+00:00","breadcrumb":{"@id":"https:\/\/drdnvpaul.de\/?page_id=865#breadcrumb"},"inLanguage":"de","potentialAction":[{"@type":"ReadAction","target":["https:\/\/drdnvpaul.de\/?page_id=865"]}]},{"@type":"ImageObject","inLanguage":"de","@id":"https:\/\/drdnvpaul.de\/?page_id=865#primaryimage","url":"https:\/\/drdnvpaul.de\/wp-content\/uploads\/2023\/04\/SLIDER_Aptos.jpg","contentUrl":"https:\/\/drdnvpaul.de\/wp-content\/uploads\/2023\/04\/SLIDER_Aptos.jpg","width":1500,"height":400},{"@type":"BreadcrumbList","@id":"https:\/\/drdnvpaul.de\/?page_id=865#breadcrumb","itemListElement":[{"@type":"ListItem","position":1,"name":"Startseite","item":"https:\/\/drdnvpaul.de\/"},{"@type":"ListItem","position":2,"name":"APTOS &#8211; FADENLIFTING"}]},{"@type":"WebSite","@id":"https:\/\/drdnvpaul.de\/#website","url":"https:\/\/drdnvpaul.de\/","name":"StayVisible!","description":"Anti Aging \u2013 Faltenbehandlung \u2013 Gesichts\u00e4sthetik","publisher":{"@id":"https:\/\/drdnvpaul.de\/#organization"},"potentialAction":[{"@type":"SearchAction","target":{"@type":"EntryPoint","urlTemplate":"https:\/\/drdnvpaul.de\/?s={search_term_string}"},"query-input":{"@type":"PropertyValueSpecification","valueRequired":true,"valueName":"search_term_string"}}],"inLanguage":"de"},{"@type":"Organization","@id":"https:\/\/drdnvpaul.de\/#organization","name":"STAY VISIBLE! Privatpraxis f\u00fcr \u00c4sthetische und Anti-Aging Medizin Dr. med. DNV Paul","url":"https:\/\/drdnvpaul.de\/","logo":{"@type":"ImageObject","inLanguage":"de","@id":"https:\/\/drdnvpaul.de\/#\/schema\/logo\/image\/","url":"https:\/\/drdnvpaul.de\/wp-content\/uploads\/2020\/11\/Logo_Ausgangsdatei_StayVisible.png","contentUrl":"https:\/\/drdnvpaul.de\/wp-content\/uploads\/2020\/11\/Logo_Ausgangsdatei_StayVisible.png","width":317,"height":317,"caption":"STAY VISIBLE! Privatpraxis f\u00fcr \u00c4sthetische und Anti-Aging Medizin Dr. med. DNV Paul"},"image":{"@id":"https:\/\/drdnvpaul.de\/#\/schema\/logo\/image\/"},"sameAs":["https:\/\/www.facebook.com\/search\/top?q=dr. dietmar nikolai vincent paul","https:\/\/www.instagram.com\/stayvisible_dr.paul\/"]}]}},"_links":{"self":[{"href":"https:\/\/drdnvpaul.de\/index.php?rest_route=\/wp\/v2\/pages\/865","targetHints":{"allow":["GET"]}}],"collection":[{"href":"https:\/\/drdnvpaul.de\/index.php?rest_route=\/wp\/v2\/pages"}],"about":[{"href":"https:\/\/drdnvpaul.de\/index.php?rest_route=\/wp\/v2\/types\/page"}],"author":[{"embeddable":true,"href":"https:\/\/drdnvpaul.de\/index.php?rest_route=\/wp\/v2\/users\/1"}],"replies":[{"embeddable":true,"href":"https:\/\/drdnvpaul.de\/index.php?rest_route=%2Fwp%2Fv2%2Fcomments&post=865"}],"version-history":[{"count":63,"href":"https:\/\/drdnvpaul.de\/index.php?rest_route=\/wp\/v2\/pages\/865\/revisions"}],"predecessor-version":[{"id":1045,"href":"https:\/\/drdnvpaul.de\/index.php?rest_route=\/wp\/v2\/pages\/865\/revisions\/1045"}],"wp:featuredmedia":[{"embeddable":true,"href":"https:\/\/drdnvpaul.de\/index.php?rest_route=\/wp\/v2\/media\/868"}],"wp:attachment":[{"href":"https:\/\/drdnvpaul.de\/index.php?rest_route=%2Fwp%2Fv2%2Fmedia&parent=865"}],"curies":[{"name":"wp","href":"https:\/\/api.w.org\/{rel}","templated":true}]}}